e prime factors of y?
2, 3
Suppose -2*i + 84 = 32. Let o = i + -5. Let h = o - 13. List the prime factors of h.
2
Let j(p) = 2*p**2 - 5*p + 9. List the prime factors of j(7).
2, 3
Suppose -q = q - 40. Suppose q = -2*j - 2*j. Let m(n) = n**2 + 2*n + 4. What are the prime factors of m(j)?
19
Suppose 3*t = -2*t + 360. List the prime factors of t.
2, 3
Suppose 5*m + 295 = -5*p, p = -p - 5*m - 109. What are the prime factors of (-1)/((-122)/p - 2)?
31
Let u(a) be the first derivative of -a**3/3 + 11*a**2/2 + 11*a + 6. What are the prime factors of u(11)?
11
Suppose -3*x + 6 = -3. Suppose x*l - 100 = -2*l. What are the prime factors of l?
2, 5
Suppose -4*q = 5*a, 4*q + 15 + 1 = -a. Let w be 39/a + (-3)/(-12). Let v = 19 - w. List the prime factors of v.
3
Suppose 6*c - 23 = 5*c. List the prime factors of c.
23
Let m be 4/18 + (-52)/(-9). Let j be m - -1 - (5 + -3). Suppose j*l = -25, -33 = -0*b - b + 4*l. What are the prime factors of b?
13
Suppose 3*s - 78 = s. Suppose -3*n + 0*n = -s. Suppose 0 = 2*d - d - n. What are the prime factors of d?
13
Suppose -5*u + 207 + 183 = 0. Let s = u + -55. What are the prime factors of s?
23
Suppose 0 = -5*m + 2*i + 1064, 92 = 2*m + 4*i - 324. List the prime factors of m.
2, 53
Suppose 0 = -2*c + 50 - 14. Suppose 0 = 4*w - 5*w - r + 2, 0 = -w + 3*r - c. Let a = 7 + w. What are the prime factors of a?
2
Let i = -4 - -7. Suppose -i*j + 23 + 19 = 0. List the prime factors of j.
2, 7
Let b = 2 + -4. Let x be (b/4)/((-3)/(-42)). Let p = x + 19. What are the prime factors of p?
2, 3
Suppose -804 = -5*y - 3*q, -2*q - 150 = -y + q. List the prime factors of y.
3, 53
Suppose -5*w - 2 = 2*p, -3*w = 3*p - 5*p - 2. Suppose -u + 3 + 7 = w. List the prime factors of u.
2, 5
Let d(i) = -i**3 + 4*i**2 + 2*i + 3. Let n(u) = 5*u**3 - u. Let a be n(1). Let b be d(a). Suppose b + 13 = 3*p. What are the prime factors of p?
2
Let g be 5/(5/(-2)) + -7. Let o be g/6*(-44)/3. Suppose 5*v + 2*i - 4*i = o, 2*v + 8 = 5*i. What are the prime factors of v?
2, 3
Let p = 96 + -52. List the prime factors of p.
2, 11
Let u = -14 - -16. What are the prime factors of u?
2
Let q(o) = o**2 - 5*o + 2. Let y be (4 + -3)/(1/5). What are the prime factors of q(y)?
2
Let l = 25 + -3. Let d = l + -14. List the prime factors of d.
2
Suppose -21 = -4*j + 7. Let p be (-2 + 2 - 2) + j. Suppose -30 = -p*f + 4*t - 9*t, -2*t = -4*f + 6. What are the prime factors of f?
3
Let y be 8/16*(0 + 0). Let f(t) = t + 4. Let p be f(-2). Suppose y*x + p*x - 30 = -3*l, -5*l + 20 = 0. List the prime factors of x.
3
Let g = 4 - 7. Let w = g - -6. What are the prime factors of w*4 + 1 + -1?
2, 3
Let u = -3 + -3. Let d = u + 4. What are the prime factors of d*(3 - 2) + 14?
2, 3
Let u = -79 + 194. List the prime factors of u.
5, 23
Let v be 2/((1 + 0)/2). Suppose -36 = -4*h - v*r + 20, -4*h = -r - 81. Let g = h - 4. List the prime factors of g.
3, 5
Let c = -3 - 4. Let s be 3/(-2)*(-16)/(-6). Let v = s - c. List the prime factors of v.
3
Let k(u) = 5*u**2 + 15*u - 6. List the prime factors of k(-6).
2, 3, 7
Let o(g) = -g - 1. Let h(x) = -2*x**2 - 3*x + 3. Suppose s - 2*t + 9 = 0, -t - 9 = -4*t. Let f be h(s). What are the prime factors of o(f)?
5
Let y(v) = -v**2 - 3*v - 2. Let b be y(-6). Let d be 2/10 - (-204)/b. Let n = d - -14. What are the prime factors of n?
2
What are the prime factors of ((-4)/(-4))/(2/168)?
2, 3, 7
Suppose -3*n = 5*d - 7 - 22, -5*n + 4*d + 110 = 0. List the prime factors of n.
2, 3
Let c(b) = -b**3 - b**2 + 3*b - 1. Let j be c(-4). Suppose -5*s + 5 = -j. Suppose 5*f - 24 = -4*l, 0*f - 2*f - 2*l = -s. What are the prime factors of f?
2
Let c = -52 - -102. Let y be ((-3)/(-2))/((-5)/c). Let v = y - -26. What are the prime factors of v?
11
Let h = 4 - 6. Let f(x) = -2*x**3 + 0*x**2 - 2 - 2*x**2 + 4*x - 6*x. What are the prime factors of f(h)?
2, 5
Let b be 3 + 0 + 0/(-1). Suppose -10 = 5*c + g - b, 4*g + 8 = 0. Let j(k) = -9*k. What are the prime factors of j(c)?
3
Let a(o) = 2*o - 15. Let l be (-2)/(-9) - (-194)/18. List the prime factors of a(l).
7
Let s = -5 - -6. Let v be (-2 + 3)/s*2. List the prime factors of ((-6)/(-9))/(v/9).
3
Let r be (0 - 2)*(-6 - -5). Suppose r*s - 11 = s. What are the prime factors of s?
11
Let l(w) = -w + 43. What are the prime factors of l(0)?
43
What are the prime factors of ((-292)/20 + 2)/(2/(-10))?
3, 7
Suppose -2*f + 6 = f. Let x(r) be the first derivative of 4*r**3/3 - 2*r**2 + 3*r + 1. What are the prime factors of x(f)?
11
Let h be (-17)/(2/(-4)*1). Suppose -4*l + 68 = 4*p, -2*p + 0*p + h = -l. Suppose -2*i - p = -2*g - 5, 4 = -i. What are the prime factors of g?
2
Suppose -9 = -2*l + 71. What are the prime factors of l?
2, 5
Suppose 4*c + 3*g = -2*g + 15, 4*g = 3*c - 50. Let h = 25 - c. List the prime factors of h.
3, 5
Let g(d) = -d**2 + 24*d + 14. What are the prime factors of g(17)?
7, 19
Let b = -6 + 9. What are the prime factors of -4*(-2 - b/(-3))?
2
Let p(l) = l**2 - l - 2. Let w be p(-3). Let n be 5/((-5)/(-3)) - 0. Let q = w + n. List the prime factors of q.
13
Let i = -1 - 0. Let o(r) = r - 1 - 9*r - 3*r. List the prime factors of o(i).
2, 5
Let c be 1 + (-2 - -3) - 3. Let t(s) = -3*s**3 - 1. Let i be t(c). Suppose -i*h = 2*h - 44. List the prime factors of h.
11
Let a be 2/(-8) - (-201)/4. Suppose -r + 6*r = a. Let h = r + -6. What are the prime factors of h?
2
Let b be (-3)/(2/((-8)/6)). Suppose b*p - 44 = -0*p. List the prime factors of p.
2, 11
Suppose 0 = 2*i - 547 + 51. What are the prime factors of i?
2, 31
Let f(v) = -35*v**3 - v - 1. What are the prime factors of f(-1)?
5, 7
Let d = 25 - -142. List the prime factors of d.
167
Let p(f) = f + 10. Suppose 0*w + 5*w = -35. Let v be p(w). Suppose 2*y + v = 3*y. List the prime factors of y.
3
Let o(y) = 2*y**2 - 7*y + 9. List the prime factors of o(7).
2, 29
Let f(y) = -y**2 + 22*y - 10. List the prime factors of f(5).
3, 5
Let y be (-105)/(-7)*3/5. Suppose 85 - y = 4*j. List the prime factors of j.
19
Let l(x) = x**2 - x + 61. What are the prime factors of l(0)?
61
Let n(t) = -18*t + 76. List the prime factors of n(-6).
2, 23
Suppose q + 4*g = 2 + 3, 0 = -2*q - 3*g + 35. Let s = q - 21. List the prime factors of s.
2
Suppose 3*d - 6 = -0. Let m(s) = -10*s + 4 - 3*s**2 + 2*s**d - 11. List the prime factors of m(-9).
2
Suppose -282 = -14*b + 8*b. What are the prime factors of b?
47
Suppose 2*x + 8 = 3*x + 4*j, -3*x + 38 = -2*j. List the prime factors of x.
2, 3
Suppose 0 = -3*o - 5*k - 0*k + 62, 0 = -3*o - 4*k + 67. What are the prime factors of o?
29
Let c(p) = 2*p**2 + p - 5. What are the prime factors of c(5)?
2, 5
List the prime factors of 2 + 7/(-4) + 2316/16.
5, 29
Let f(a) be the third derivative of 5*a**4/24 + a**3/3 + a**2. Let b be f(2). Suppose 0 = t - 0*t - b. What are the prime factors of t?
2, 3
Let i = 19 + 5. Suppose -4*w + 2*y + i = -2*y, w = -2*y + 6. What are the prime factors of w?
2, 3
Let w = 43 - 23. List the prime factors of w.
2, 5
Suppose -5*g + 477 = -13. List the prime factors of g.
2, 7
Suppose c - 4 = 4*v - 2*c, -4*v = c - 12. Suppose 3*l = -v*n + 18, -6*n - 3*l = -3*n - 21. What are the prime factors of n?
3
Let y = 9 + -10. Let p = 11 + y. Suppose p = i + 2*l - l, 0 = i + 3*l - 12. List the prime factors of i.
3
Let m(n) = 2*n**2 - n**2 + 0*n**2 - 7*n**3 + n. List the prime factors of m(-1).
7
Let t = 289 - 81. List the prime factors of t.
2, 13
Suppose 5*y - 5 = r + 4*r, -3*y + 17 = 4*r. Suppose x = y*x - 98. What are the prime factors of x?
7
Let r(k) = 2*k**2 + 10*k - 23. List the prime factors of r(-13).
5, 37
Let v be (0*(-3)/(-9))/(-1). Suppose 0 = 2*y - v*y - 22. List the prime factors of y.
11
Let i(h) be the second derivative of -5/2*h**2 - 1/2*h**3 + 0 + 3*h. List the prime factors of i(-4).
7
Let p = 14 - 20. Let b be 10 - (-6)/(3 + p). Suppose 0 = -t + 5*t - b. What are the prime factors of t?
2
Let n = 323 - 224. What are the prime factors of n?
3, 11
Let t = -23 - -37. Let f = t + -1. What are the prime factors of f?
13
Let p(x) = 6*x. Let s be p(1). Suppose -s = 4*m - 42. List the prime factors of m.
3
Suppose -2*w + 2 = -2*i, 3*w + 6*i + 5 = i. Let t be (-1 - w)/(-1) + 3. Suppose t*v - 6 = 2. What are the prime factors of v?
2
Let x(q) = -3*q + 6. What are the prime factors of x(-12)?
2, 3, 7
Let o be (